{"id":84,"date":"2019-04-08T23:56:53","date_gmt":"2019-04-09T05:56:53","guid":{"rendered":"http:\/\/tecnoagua.com.mx\/site\/?page_id=84"},"modified":"2021-04-19T22:19:49","modified_gmt":"2021-04-20T04:19:49","slug":"hidroneumaticos","status":"publish","type":"page","link":"http:\/\/tecnoagua.com.mx\/site\/hidroneumaticos\/","title":{"rendered":"HIDRONEUM\u00c1TICOS"},"content":{"rendered":"<p>[vc_row][vc_column][vc_column_text]<\/p>\n<p class=\"p1\" style=\"text-align: left;\">Tanques precargados de diafragma para sistemas de agua a presi\u00f3n<\/p>\n<p class=\"p1\" style=\"text-align: left;\"><b>APLICACIONES<\/b>:<\/p>\n<p class=\"p1\" style=\"text-align: left;\">Sistemas hidroneum\u00e1ticos dom\u00e9sticos y comerciales.<\/p>\n<p class=\"p1\" style=\"text-align: left;\">Ideales para zonas costeras.<\/p>\n<p class=\"p1\" style=\"text-align: left;\">Sistemas de purificaci\u00f3n de agua.<\/p>\n<p class=\"p1\" style=\"text-align: left;\">Mayor resistencia contra:<\/p>\n<p class=\"p1\" style=\"text-align: left;\">Aplicaciones a la intemperie<\/p>\n<p class=\"p1\" style=\"text-align: left;\">Exposici\u00f3n solar y rayos ultravioleta (U.V.)<\/p>\n<p class=\"p1\" style=\"text-align: left;\">Clima salino y humedad<\/p>\n<p class=\"p1\" style=\"text-align: left;\">Lluvia \u00e1cida<\/p>\n<p class=\"p1\" style=\"text-align: left;\"><b>CARACTER\u00cdSTICAS DE CONSTRUCCI\u00d3N:<\/b><\/p>\n<p class=\"p1\" style=\"text-align: left;\">Cubierta exterior: en acero de alta resistencia.<\/p>\n<p class=\"p1\" style=\"text-align: left;\">Diafragma de Butilo\/ EPDM resistente (30% m\u00e1s grueso que los tanques est\u00e1ndar)<\/p>\n<p class=\"p1\" style=\"text-align: left;\">Tanque de almacenamiento en polipropileno, conserva el agua limpia, sin sabor ni olor.<\/p>\n<p class=\"p1\" style=\"text-align: left;\">El proceso de soldadura exclusivo elimina las asperezas y los bordes afilados que pueden da\u00f1ar el diafragma y el tanque de almacenamiento.<\/p>\n<p class=\"p1\" style=\"text-align: left;\">Codo de descarga en acero al carb\u00f3n.<\/p>\n<p class=\"p1\" style=\"text-align: left;\">Dise\u00f1o de anillo y ranura: asegura el diafragma y el forro para mayor resistencia y fiabilidad.<\/p>\n<p>[\/vc_column_text][\/vc_column][\/vc_row][vc_row][vc_column][vc_single_image image=&#8221;86&#8243; img_size=&#8221;full&#8221; alignment=&#8221;center&#8221;][\/vc_column][\/vc_row]<\/p>\n","protected":false},"excerpt":{"rendered":"<p>[vc_row][vc_column][vc_column_text] Tanques precargados de diafragma para sistemas de agua a presi\u00f3n APLICACIONES: Sistemas hidroneum\u00e1ticos dom\u00e9sticos y comerciales. Ideales para zonas costeras. Sistemas de purificaci\u00f3n de agua. Mayor resistencia contra: Aplicaciones a la intemperie Exposici\u00f3n solar y rayos ultravioleta (U.V.) Clima salino y humedad Lluvia \u00e1cida CARACTER\u00cdSTICAS DE CONSTRUCCI\u00d3N: Cubierta exterior: en acero de alta resistencia. Diafragma de Butilo\/ EPDM resistente&#8230;<\/p>\n","protected":false},"author":2,"featured_media":0,"parent":0,"menu_order":0,"comment_status":"closed","ping_status":"closed","template":"page-no-sidebar.php","meta":[],"_links":{"self":[{"href":"http:\/\/tecnoagua.com.mx\/site\/wp-json\/wp\/v2\/pages\/84"}],"collection":[{"href":"http:\/\/tecnoagua.com.mx\/site\/wp-json\/wp\/v2\/pages"}],"about":[{"href":"http:\/\/tecnoagua.com.mx\/site\/wp-json\/wp\/v2\/types\/page"}],"author":[{"embeddable":true,"href":"http:\/\/tecnoagua.com.mx\/site\/wp-json\/wp\/v2\/users\/2"}],"replies":[{"embeddable":true,"href":"http:\/\/tecnoagua.com.mx\/site\/wp-json\/wp\/v2\/comments?post=84"}],"version-history":[{"count":4,"href":"http:\/\/tecnoagua.com.mx\/site\/wp-json\/wp\/v2\/pages\/84\/revisions"}],"predecessor-version":[{"id":90,"href":"http:\/\/tecnoagua.com.mx\/site\/wp-json\/wp\/v2\/pages\/84\/revisions\/90"}],"wp:attachment":[{"href":"http:\/\/tecnoagua.com.mx\/site\/wp-json\/wp\/v2\/media?parent=84"}],"curies":[{"name":"wp","href":"https:\/\/api.w.org\/{rel}","templated":true}]}}